n j is divided by 9?
8
Let z(d) = d**3 - 3*d**2 + 1 + 3*d + 0*d - 2*d. What is the remainder when z(4) is divided by 8?
5
Calculate the remainder when 2/(-7) - 107/(-7) is divided by (-5 - -2)/((-9)/24).
7
What is the remainder when (-12 - -9)*(-8 + 1) is divided by 11?
10
Suppose -4*x = 5*n - 80, 7*n - x - 64 = 3*n. What is the remainder when 29 is divided by n?
13
Suppose -4*c = -5*c + 11. Let j(w) = w**2 - 7*w - 6. Let n be j(8). Suppose n*q = q + 6. Calculate the remainder when c is divided by q.
5
Suppose 0 = 4*q - 2*s - 76 - 10, 5*s + 5 = 0. Let x = -1 + 12. Calculate the remainder when q is divided by x.
10
Suppose x - 1 - 1 = 0. Let d be (0 - 12)*(-6)/4. Suppose 6 = -v + 2*y, v - d = -5*y + y. Calculate the remainder when v is divided by x.
0
Let h = 34 - 7. Suppose a - h = -24. Calculate the remainder when 5 is divided by a.
2
What is the remainder when -4*(-2)/(8/65) is divided by 17?
14
Suppose -4*p - 3*u = 15, -2*u = -0*p - 3*p - 7. Let i(c) = -c**3 - c**2 - c - 1. Let y(m) = m + 4. Calculate the remainder when i(p) is divided by y(3).
6
Suppose 1 + 3 = 4*z. Let b(o) = 14*o + 1. Let x be b(z). Suppose 2*q - x = 2*i + 13, -5*q = -i - 82. What is the remainder when 33 is divided by q?
16
Suppose 3*y - 14 = -5. Calculate the remainder when 7 is divided by y.
1
Suppose 12 = 2*b + 4. Suppose -4*o + k - 51 = -8*o, -b*o = 5*k - 63. What is the remainder when 22 is divided by o?
10
Let r(l) = l**3 + 6*l**2 - 2*l + 4. Let a be r(-6). Suppose -3*u - a = -7*u. Calculate the remainder when 11 is divided by u.
3
Let i(t) = -2*t + 14. Let w(x) = -x + 7. Let j(o) = -2*i(o) + 5*w(o). What is the remainder when 22 is divided by j(-5)?
10
Suppose 9*z + 10 = 14*z. Suppose s + 4*m + 52 = 5*s, z = 2*s + 4*m. What is the remainder when 65/2*4/5 is divided by s?
8
Let v(i) = -i**2 + 5*i - 2. Let w be v(3). Suppose w*m - 88 = -0*m. Calculate the remainder when m is divided by 12.
10
Suppose 68 = 5*r - 37. What is the remainder when 38 is divided by r?
17
What is the remainder when 24 is divided by (-495)/(-36) + 2/8?
10
Suppose -41 + 8 = -3*p. What is the remainder when 20 is divided by p?
9
Let l be -1 + 2 - (2 + -3). Suppose 0 = l*r + 2*r - 24. Calculate the remainder when 10 is divided by r.
4
Let t = -1 + 2. Let d(s) = 3*s + s**2 - 5 + 2 + 1. Calculate the remainder when d(-4) is divided by t.
0
Let a(u) = -u**3 + 9*u**2 - 8*u - 6. Let g be a(8). Let r be (-108)/(-2)*(1 - 0). Calculate the remainder when 23 is divided by (r/15)/(g/(-20)).
11
Let o = -93 + 144. What is the remainder when o is divided by 9?
6
What is the remainder when 40 is divided by (-8)/(-14)*(-490)/(-20)?
12
Suppose 2*b - 3*b = 6. What is the remainder when (210/(-7))/(b/8) is divided by 14?
12
Suppose -v + 4*w + 79 = 0, 20 = 5*v - w - 318. What is the remainder when v is divided by 14?
11
Let c be -5 + 7 + 2*1. Suppose -c*h - 8 = -5*h. What is the remainder when h is divided by 3?
2
Suppose w + 0 - 28 = 0. Let n be 22/(-176) - (-62)/(-16). What is the remainder when w is divided by n + (-15)/(-1) + 4?
13
Let k = 44 + -26. Calculate the remainder when 16 is divided by 8/(-36) + 112/k.
4
Let t(w) = w**2 - 21*w - 18. Calculate the remainder when 7 is divided by t(22).
3
What is the remainder when 43 is divided by 0 + 33/(-3)*-1?
10
Let s(g) = -6*g - 1. Let j = 0 - -3. Calculate the remainder when (-49)/(3/j*-1) is divided by s(-3).
15
Suppose -45 = -2*d - d. Calculate the remainder when 43 is divided by d.
13
Let s be ((-4)/(-2) - 3) + -26. What is the remainder when 4/10 + 312/20 is divided by ((-6)/(-18))/((-1)/s)?
7
Suppose 0 = -2*d + 3*h + 113, -2*d + 2*h + 67 = -41. What is the remainder when d is divided by (-4)/10 - 174/(-10)?
15
Suppose -14 = -5*o + 1. Suppose 86 = o*w + r, -w + 33 = -5*r + r. Suppose -5*g + 25 = -15. What is the remainder when w is divided by g?
5
Let q = -36 - -80. What is the remainder when q is divided by 15?
14
Let j(k) = 3*k - 4. Let f(w) = 2*w - 2. Let o(l) = -5*f(l) + 2*j(l). What is the remainder when o(-4) is divided by 10?
8
Let w = -1 - 5. What is the remainder when w/(-12) - 47/(-2) is divided by -2*26/(-4)*1?
11
Let v(h) = 2*h**2 - 8*h + 6. Let t be 440 - (3 - (2 + 2)). Suppose 3*o + 49 = g, -4*o - 120 = 5*g - t. Calculate the remainder when g is divided by v(5).
13
Suppose -5*u - 53 - 77 = 0. Let o be (-2)/(-7) + u/(-7). What is the remainder when 17 is divided by o - (0 - -2) - -7?
8
Let l(x) be the second derivative of x**4/12 - 3*x**3 - 15*x**2/2 - 11*x. Calculate the remainder when 9 is divided by l(19).
1
Suppose -40 = -5*m + 45. Let u(y) = -12*y + 1. Calculate the remainder when u(-4) is divided by m.
15
Suppose -5*t + 26 - 6 = 0. Let p(j) = 2*j**2 - 2. Let q be p(-2). Let l = q + -3. What is the remainder when t is divided by l?
1
Let w = 174 + -168. Calculate the remainder when 17 is divided by w.
5
Calculate the remainder when (-12)/8*(-948)/9 is divided by 40.
38
Let v be 100/15 - 1/(-3). Let b = 42 - v. Suppose j - b = -4*j. What is the remainder when 13 is divided by j?
6
Let v be ((-6)/(-15))/(1/65). Let k = 37 - v. Let g(h) = -h**3 - 2*h**2 - 2*h + 3. What is the remainder when g(-4) is divided by k?
10
Let i = 1 - 0. Let j(y) = y**2 - 1. Let v be j(-1). Suppose v = -4*a - 2*z + 2, 8 + 20 = a - 5*z. What is the remainder when a is divided by i?
0
Let l = 14 + -13. What is the remainder when 2 is divided by l?
0
Let w(o) = -o**3 + 10*o**2 - 11*o + 12. What is the remainder when w(8) is divided by 18?
16
Let l be (-5)/5 + (0 - 12). Let k = 22 + l. Calculate the remainder when k is divided by 5.
4
Suppose k + 18 = -k. Calculate the remainder when 23 is divided by 2/(-3) + (-78)/k.
7
Suppose 0*f = 4*f - 56. Calculate the remainder when 64 is divided by f.
8
Let y(a) = a**3 + 4*a**2 - 4*a + 6. Let u = -9 + 4. Let z be y(u). What is the remainder when 8 is divided by 2/(2/z)*5?
3
Suppose -5*w + 15 - 5 = 0, -68 = -2*n + w. What is the remainder when n is divided by (-12)/2*3/(-1)?
17
Let w = 6 - 4. Suppose -111 = -19*i + 60. What is the remainder when i is divided by w?
1
Let j be 4/(8/(-18)) - -1. What is the remainder when 4 is divided by ((-9)/6)/(6/j)?
0
Suppose -1 = -r - 2*h + 7, r - 3*h + 12 = 0. Suppose -d + 4*d + 6 = r. Calculate the remainder when 19 is divided by ((-25)/15)/(d/12).
9
Calculate the remainder when (-1 - 1 - -1)*(-14 - -9) is divided by 3*-1*(-6)/9.
1
Suppose -3*y = k - 0*k - 13, 4*k - y - 26 = 0. Let w = 3 + -2. Let a(c) = 4*c. What is the remainder when k is divided by a(w)?
3
Suppose -132 - 48 = -3*h. What is the remainder when h is divided by 31?
29
Let r = 5 - -3. Let x = r + 2. What is the remainder when 27 is divided by x?
7
Suppose 5*r + 3 = 18. Suppose -4*c + 176 = -0*c + 2*h, -r*c + 131 = h. Let o = c + -25. Calculate the remainder when o is divided by 10.
8
Let k = 64 - -4. What is the remainder when k is divided by 18?
14
Let s(m) = -16*m + 4. Let l be s(4). Let w = 91 + l. What is the remainder when w is divided by 16?
15
Suppose -2*n - 5*n + 28 = 0. What is the remainder when n is divided by 3?
1
Let d be ((-1)/(-2) + -1)*-14. Let h(r) = r**2 - 5*r - 3. Calculate the remainder when 19 is divided by h(d).
8
Suppose 4*d - 253 = 11. What is the remainder when d is divided by (11/3 - 3)*(-207)/(-6)?
20
Let h = -15 - -24. Calculate the remainder when 53 is divided by h.
8
Suppose 0*v - v + 21 = 4*t, -3*t + 27 = 3*v. Let c = -16 + 29. What is the remainder when c is divided by v?
3
Let w be (1 - -2) + (-18)/6. Suppose 22 = -w*y + 2*y. Let u = 71 - 50. What is the remainder when u is divided by y?
10
Let b(c) = -c**2 - 2*c + 6. Let j be b(4). Let t = j - -31. Calculate the remainder when 37 is divided by t.
11
Suppose -4*p = -5*p + 42. What is the remainder when 124 is divided by p?
40
Let d be -8*3*3/(-6). Suppose -2*b = -5*b + d. Suppose -b*c - 1 = -61. Calculate the remainder when 43 is divided by c.
13
Let b(r) = r**3 - 5*r**2 - 8*r + 9. Let o be b(6). Let z be 5/(-7) + (-4)/14. Calculate the remainder when 18 is divided by (o/(-9))/(z/(-21)).
4
Suppose -5*a = 3*g - 431, -2*a + 4*g - g + 164 = 0. What is the remainder when a is divided by 22?
19
Let m = -2 + 2. Suppose 11 = 10*i - 19. Calculate the remainder when -2 + 2 + m + 4 is divided by i.
1
Suppose 0 = 2*h + 6*u - 4*u - 14, -5*h - 2*u = -29. 